{"id":377,"date":"2022-04-07T07:00:42","date_gmt":"2022-04-07T05:00:42","guid":{"rendered":"http:\/\/ilcyl.com\/visita\/?page_id=377"},"modified":"2022-04-18T09:46:09","modified_gmt":"2022-04-18T07:46:09","slug":"segunda-planta","status":"publish","type":"page","link":"https:\/\/ilcyl.com\/visita\/segunda-planta\/","title":{"rendered":"Segunda Planta"},"content":{"rendered":"<div class=\"fusion-fullwidth fullwidth-box fusion-builder-row-1 nonhundred-percent-fullwidth non-hundred-percent-height-scrolling\" style=\"background-color: rgba(255,255,255,0);background-position: center center;background-repeat: no-repeat;padding-top:100px;padding-right:0px;padding-bottom:100px;padding-left:0px;margin-bottom: 0px;margin-top: 0px;border-width: 0px 0px 0px 0px;border-color:#eae9e9;border-style:solid;\" ><div class=\"fusion-builder-row fusion-row\"><div class=\"fusion-layout-column fusion_builder_column fusion-builder-column-0 fusion_builder_column_1_1 1_1 fusion-one-full fusion-column-first fusion-column-last\" style=\"margin-top:0px;margin-bottom:20px;\"><div class=\"fusion-column-wrapper fusion-flex-column-wrapper-legacy\" style=\"background-position:left top;background-repeat:no-repeat;-webkit-background-size:cover;-moz-background-size:cover;-o-background-size:cover;background-size:cover;padding: 0px 0px 0px 0px;\"><div class=\"fusion-sep-clear\"><\/div><div class=\"fusion-separator\" style=\"margin-left: auto;margin-right: auto;margin-bottom:30px;width:100%;max-width:150px;\"><div class=\"fusion-separator-border sep-single sep-solid\" style=\"border-color:#000000;border-top-width:3px;\"><\/div><\/div><div class=\"fusion-sep-clear\"><\/div><div class=\"fusion-text fusion-text-1\" style=\"color:rgba(0,0,0,0.71);transform:translate3d(0,0,0);\"><h2 class=\"fusion-responsive-typography-calculated\" style=\"text-align: center; --fontsize: 60; line-height: 1.17;\" data-fontsize=\"60\" data-lineheight=\"70.2px\"><span class=\"ez-toc-section\" id=\"Segunda_Planta\"><\/span><span style=\"color: #000000;\">Segunda Planta<br \/>\n<\/span><span class=\"ez-toc-section-end\"><\/span><\/h2><div id=\"ez-toc-container\" class=\"ez-toc-v2_0_49 counter-hierarchy ez-toc-counter ez-toc-transparent ez-toc-container-direction\">\n<div class=\"ez-toc-title-container\">\n<p class=\"ez-toc-title\">Resumen del contenido<\/p>\n<span class=\"ez-toc-title-toggle\"><a href=\"#\" class=\"ez-toc-pull-right ez-toc-btn ez-toc-btn-xs ez-toc-btn-default ez-toc-toggle\" aria-label=\"ez-toc-toggle-icon-1\"><label for=\"item-69fcaa6d4ec0a\" aria-label=\"Tabla de contenidos\"><span style=\"display: flex;align-items: center;width: 35px;height: 30px;justify-content: center;direction:ltr;\"><svg style=\"fill: #999;color:#999\" xmlns=\"http:\/\/www.w3.org\/2000\/svg\" class=\"list-377408\" width=\"20px\" height=\"20px\" viewBox=\"0 0 24 24\" fill=\"none\"><path d=\"M6 6H4v2h2V6zm14 0H8v2h12V6zM4 11h2v2H4v-2zm16 0H8v2h12v-2zM4 16h2v2H4v-2zm16 0H8v2h12v-2z\" fill=\"currentColor\"><\/path><\/svg><svg style=\"fill: #999;color:#999\" class=\"arrow-unsorted-368013\" xmlns=\"http:\/\/www.w3.org\/2000\/svg\" width=\"10px\" height=\"10px\" viewBox=\"0 0 24 24\" version=\"1.2\" baseProfile=\"tiny\"><path d=\"M18.2 9.3l-6.2-6.3-6.2 6.3c-.2.2-.3.4-.3.7s.1.5.3.7c.2.2.4.3.7.3h11c.3 0 .5-.1.7-.3.2-.2.3-.5.3-.7s-.1-.5-.3-.7zM5.8 14.7l6.2 6.3 6.2-6.3c.2-.2.3-.5.3-.7s-.1-.5-.3-.7c-.2-.2-.4-.3-.7-.3h-11c-.3 0-.5.1-.7.3-.2.2-.3.5-.3.7s.1.5.3.7z\"\/><\/svg><\/span><\/label><input  type=\"checkbox\" id=\"item-69fcaa6d4ec0a\"><\/a><\/span><\/div>\n<nav><ul class='ez-toc-list ez-toc-list-level-1 ' ><li class='ez-toc-page-1 ez-toc-heading-level-2'><a class=\"ez-toc-link ez-toc-heading-1\" href=\"https:\/\/ilcyl.com\/visita\/segunda-planta\/#Segunda_Planta\" title=\"Segunda Planta \n\">Segunda Planta \n<\/a><\/li><li class='ez-toc-page-1 ez-toc-heading-level-2'><a class=\"ez-toc-link ez-toc-heading-2\" href=\"https:\/\/ilcyl.com\/visita\/segunda-planta\/#Otros_usos_del_Edificio\" title=\"Otros usos del Edificio\">Otros usos del Edificio<\/a><\/li><li class='ez-toc-page-1 ez-toc-heading-level-2'><a class=\"ez-toc-link ez-toc-heading-3\" href=\"https:\/\/ilcyl.com\/visita\/segunda-planta\/#La_Torre_Encantada\" title=\"La Torre Encantada\">La Torre Encantada<\/a><\/li><\/ul><\/nav><\/div>\n\n<\/div><div class=\"fusion-sep-clear\"><\/div><div class=\"fusion-separator fusion-full-width-sep\" style=\"margin-left: auto;margin-right: auto;margin-top:10px;width:100%;\"><\/div><div class=\"fusion-sep-clear\"><\/div><div class=\"fusion-clearfix\"><\/div><\/div><\/div><div class=\"fusion-layout-column fusion_builder_column fusion-builder-column-1 fusion_builder_column_1_1 1_1 fusion-one-full fusion-column-first fusion-column-last\" style=\"margin-top:0px;margin-bottom:20px;\"><div class=\"fusion-column-wrapper fusion-flex-column-wrapper-legacy\" style=\"background-position:left top;background-repeat:no-repeat;-webkit-background-size:cover;-moz-background-size:cover;-o-background-size:cover;background-size:cover;padding: 0px 0px 0px 0px;\"><div class=\"fusion-sep-clear\"><\/div><div class=\"fusion-separator\" style=\"margin-left: auto;margin-right: auto;margin-top:50px;margin-bottom:10px;width:100%;max-width:50px;\"><div class=\"fusion-separator-border sep-single sep-solid\" style=\"border-color:#000000;border-top-width:3px;\"><\/div><\/div><div class=\"fusion-sep-clear\"><\/div><div class=\"fusion-text fusion-text-2\" style=\"color:rgba(0,0,0,0.71);transform:translate3d(0,0,0);\"><h2 class=\"fusion-responsive-typography-calculated\" style=\"text-align: center; --fontsize: 60; line-height: 1.17;\" data-fontsize=\"60\" data-lineheight=\"70.2px\"><span class=\"ez-toc-section\" id=\"Otros_usos_del_Edificio\"><\/span><span style=\"color: #000000;\"><span style=\"font-size: 35px;\" data-fusion-font=\"true\">Otros usos del Edificio<\/span><\/span><span class=\"ez-toc-section-end\"><\/span><\/h2>\n<\/div><div class=\"fusion-sep-clear\"><\/div><div class=\"fusion-separator fusion-full-width-sep\" style=\"margin-left: auto;margin-right: auto;margin-top:10px;width:100%;\"><\/div><div class=\"fusion-sep-clear\"><\/div><div class=\"fusion-clearfix\"><\/div><\/div><\/div><div class=\"fusion-layout-column fusion_builder_column fusion-builder-column-2 fusion_builder_column_1_1 1_1 fusion-one-full fusion-column-first fusion-column-last\" style=\"margin-top:0px;margin-bottom:20px;\"><div class=\"fusion-column-wrapper fusion-flex-column-wrapper-legacy\" style=\"background-position:left top;background-repeat:no-repeat;-webkit-background-size:cover;-moz-background-size:cover;-o-background-size:cover;background-size:cover;padding: 0px 0px 0px 0px;\"><div class=\"fusion-audio fusion-audio-1\" style=\"--fusion-audio-accent-color:#ffffff;--fusion-audio-border-size:0;--fusion-audio-border-top-left-radius:0px;--fusion-audio-border-top-right-radius:0px;--fusion-audio-border-bottom-right-radius:0px;--fusion-audio-border-bottom-left-radius:0px;--fusion-audio-background-color:#1d242d;--fusion-audio-max-width:100%;\"><!--[if lt IE 9]><script>document.createElement('audio');<\/script><![endif]-->\n<audio class=\"wp-audio-shortcode\" id=\"audio-377-1\" preload=\"none\" style=\"width: 100%;\" controls=\"controls\"><source type=\"audio\/mpeg\" src=\"http:\/\/ilcyl.com\/visita\/wp-content\/uploads\/2022\/04\/013.OTROS-USOS-DEL-EDIFICIO.mp3?_=1\" \/><a href=\"http:\/\/ilcyl.com\/visita\/wp-content\/uploads\/2022\/04\/013.OTROS-USOS-DEL-EDIFICIO.mp3\">http:\/\/ilcyl.com\/visita\/wp-content\/uploads\/2022\/04\/013.OTROS-USOS-DEL-EDIFICIO.mp3<\/a><\/audio><\/div><style type=\"text\/css\">@media all and (-ms-high-contrast: none), (-ms-high-contrast: active) {.fusion-audio-1{max-width:100%;}.fusion-audio-1 .mejs-embed,.fusion-audio-1 .mejs-embed body,.fusion-audio-1 .mejs-container .mejs-controls{background-color:#1d242d;}.fusion-audio-1 .mejs-controls .mejs-time-rail .mejs-time-current{background:#ffffff;}}<\/style><div class=\"fusion-clearfix\"><\/div><\/div><\/div><div class=\"fusion-layout-column fusion_builder_column fusion-builder-column-3 fusion_builder_column_1_1 1_1 fusion-one-full fusion-column-first fusion-column-last\" style=\"margin-top:0px;margin-bottom:20px;\"><div class=\"fusion-column-wrapper fusion-flex-column-wrapper-legacy\" style=\"background-position:left top;background-repeat:no-repeat;-webkit-background-size:cover;-moz-background-size:cover;-o-background-size:cover;background-size:cover;padding: 0px 0px 0px 0px;\"><div class=\"fusion-text fusion-text-3\" style=\"color:#000000;transform:translate3d(0,0,0);\"><p style=\"font-family: Montserrat; font-weight: 400;\" data-fusion-font=\"true\" data-fusion-google-font=\"Montserrat\" data-fusion-google-variant=\"400\">Cuando la Comisar\u00eda de Polic\u00eda abandon\u00f3 el Palacio de la Isla, el inmueble fue utilizado para almacenar material docente que se encontraba depositado en el Hospital Provincial, espacio que a su vez ten\u00eda que quedar libre debido a las obras de acondicionamiento que estaban programadas. Fue precisamente la mencionada falta de espacio en las instalaciones del centro sanitario lo que oblig\u00f3 a solicitar algunos espacios de este inmueble.<\/p>\n<p style=\"font-family: Montserrat; font-weight: 400;\" data-fusion-font=\"true\" data-fusion-google-font=\"Montserrat\" data-fusion-google-variant=\"400\">El Servicio de Asesoramiento a Municipios (Sajuma) acord\u00f3 el 23 de septiembre de 1996 como asunto de urgencia el traslado del Servicio de Recuperaci\u00f3n de Archivos desde el Hospital Provincial al Palacio de la Isla. Este servicio acab\u00f3 ocupando la primera y segunda planta del palacio. La intenci\u00f3n de este departamento pasaba por ofrecer a las entidades locales la posibilidad de dejar organizado su archivo municipal.<\/p>\n<p style=\"font-family: Montserrat; font-weight: 400;\" data-fusion-font=\"true\" data-fusion-google-font=\"Montserrat\" data-fusion-google-variant=\"400\">Ese mismo a\u00f1o acab\u00f3 instal\u00e1ndose en el Palacio de la Isla el grupo espeleol\u00f3gico Edelweiss, vinculado a la Diputaci\u00f3n de Burgos. Este grupo lleg\u00f3 a ocupar parte de la segunda planta, donde quedaron habilitadas para sus necesidades las cuatro habitaciones de los lados sur y este del inmueble. El despacho con acceso a la torre hac\u00eda las veces de biblioteca, secretar\u00eda y sala de reuniones; una segunda dependencia ten\u00eda la misi\u00f3n de almac\u00e9n, limpieza y mantenimiento. Una tercera albergaba archivos fotogr\u00e1ficos, restos arqueol\u00f3gicos de las zonas en estudio, hac\u00eda las veces de almac\u00e9n de publicaciones y acog\u00eda algunas maquetas en 3D de las zonas geogr\u00e1ficas estudiadas.<\/p>\n<p style=\"font-family: Montserrat; font-weight: 400;\" data-fusion-font=\"true\" data-fusion-google-font=\"Montserrat\" data-fusion-google-variant=\"400\">La \u00faltima \u2013correspondiente a la fachada este del edificio- era el catastro espeleol\u00f3gico de Burgos, y conten\u00eda un gran archivo de hojas de campo, copias de las cavidades de la provincia, planos geogr\u00e1ficos y fotos \u00e1reas. Pese a que el grupo estaba compuesto por una veintena de personas, dif\u00edcilmente coincid\u00edan m\u00e1s de seis de forma simult\u00e1nea en la instalaci\u00f3n.<\/p>\n<\/div><div class=\"fusion-clearfix\"><\/div><\/div><\/div><div class=\"fusion-layout-column fusion_builder_column fusion-builder-column-4 fusion_builder_column_1_1 1_1 fusion-one-full fusion-column-first fusion-column-last\" style=\"margin-top:0px;margin-bottom:20px;\"><div class=\"fusion-column-wrapper fusion-flex-column-wrapper-legacy\" style=\"background-position:left top;background-repeat:no-repeat;-webkit-background-size:cover;-moz-background-size:cover;-o-background-size:cover;background-size:cover;padding: 0px 0px 0px 0px;\"><div class=\"fusion-sep-clear\"><\/div><div class=\"fusion-separator\" style=\"margin-left: auto;margin-right: auto;margin-top:50px;margin-bottom:10px;width:100%;max-width:150px;\"><div class=\"fusion-separator-border sep-single sep-solid\" style=\"border-color:#000000;border-top-width:3px;\"><\/div><\/div><div class=\"fusion-sep-clear\"><\/div><div class=\"fusion-text fusion-text-4\" style=\"color:rgba(0,0,0,0.71);transform:translate3d(0,0,0);\"><h2 style=\"text-align: center;\"><span class=\"ez-toc-section\" id=\"La_Torre_Encantada\"><\/span><span style=\"color: #000000;\"><span style=\"font-size: 35px;\" data-fusion-font=\"true\">La Torre Encantada<\/span><\/span><span class=\"ez-toc-section-end\"><\/span><\/h2>\n<\/div><div class=\"fusion-sep-clear\"><\/div><div class=\"fusion-separator fusion-full-width-sep\" style=\"margin-left: auto;margin-right: auto;margin-top:10px;width:100%;\"><\/div><div class=\"fusion-sep-clear\"><\/div><div class=\"fusion-clearfix\"><\/div><\/div><\/div><div class=\"fusion-layout-column fusion_builder_column fusion-builder-column-5 fusion_builder_column_1_1 1_1 fusion-one-full fusion-column-first fusion-column-last\" style=\"margin-top:0px;margin-bottom:20px;\"><div class=\"fusion-column-wrapper fusion-flex-column-wrapper-legacy\" style=\"background-position:left top;background-repeat:no-repeat;-webkit-background-size:cover;-moz-background-size:cover;-o-background-size:cover;background-size:cover;padding: 0px 0px 0px 0px;\"><div class=\"fusion-audio fusion-audio-2\" style=\"--fusion-audio-accent-color:#ffffff;--fusion-audio-border-size:0;--fusion-audio-border-top-left-radius:0px;--fusion-audio-border-top-right-radius:0px;--fusion-audio-border-bottom-right-radius:0px;--fusion-audio-border-bottom-left-radius:0px;--fusion-audio-background-color:#1d242d;--fusion-audio-max-width:100%;\"><audio class=\"wp-audio-shortcode\" id=\"audio-377-2\" preload=\"none\" style=\"width: 100%;\" controls=\"controls\"><source type=\"audio\/mpeg\" src=\"http:\/\/ilcyl.com\/visita\/wp-content\/uploads\/2022\/04\/la-torre-encantada-audio.mp3?_=2\" \/><a href=\"http:\/\/ilcyl.com\/visita\/wp-content\/uploads\/2022\/04\/la-torre-encantada-audio.mp3\">http:\/\/ilcyl.com\/visita\/wp-content\/uploads\/2022\/04\/la-torre-encantada-audio.mp3<\/a><\/audio><\/div><style type=\"text\/css\">@media all and (-ms-high-contrast: none), (-ms-high-contrast: active) {.fusion-audio-2{max-width:100%;}.fusion-audio-2 .mejs-embed,.fusion-audio-2 .mejs-embed body,.fusion-audio-2 .mejs-container .mejs-controls{background-color:#1d242d;}.fusion-audio-2 .mejs-controls .mejs-time-rail .mejs-time-current{background:#ffffff;}}<\/style><div class=\"fusion-clearfix\"><\/div><\/div><\/div><div class=\"fusion-layout-column fusion_builder_column fusion-builder-column-6 fusion_builder_column_1_1 1_1 fusion-one-full fusion-column-first fusion-column-last\" style=\"margin-top:0px;margin-bottom:20px;\"><div class=\"fusion-column-wrapper fusion-flex-column-wrapper-legacy\" style=\"background-position:left top;background-repeat:no-repeat;-webkit-background-size:cover;-moz-background-size:cover;-o-background-size:cover;background-size:cover;padding: 0px 0px 0px 0px;\"><div class=\"fusion-text fusion-text-5\" style=\"color:#000000;transform:translate3d(0,0,0);\"><p style=\"font-family: Montserrat; font-weight: 400;\" data-fusion-font=\"true\" data-fusion-google-font=\"Montserrat\" data-fusion-google-variant=\"400\">Un nuevo proyecto art\u00edstico nacido de la f\u00e9rtil imaginaci\u00f3n del artista y poeta leon\u00e9s Adolfo Alonso Ares culmina el punto m\u00e1s alto del Palacio de la Isla. En la torre del edificio, ubicada en la segunda planta, encuentra acomodo La Torre Encantada, un singular proyecto art\u00edstico cargado de simbolismo, en el que concluyen la poes\u00eda, la pintura, el dibujo y otras manifestaciones art\u00edsticas.<\/p>\n<p style=\"font-family: Montserrat; font-weight: 400;\" data-fusion-font=\"true\" data-fusion-google-font=\"Montserrat\" data-fusion-google-variant=\"400\">Curiosos animales m\u00edticos creados por Alonso Ares reciben al visitante que accede al recinto y le invitan a adentrarse en un mundo on\u00edrico, cargado de simbolismo. Libros de poes\u00eda, tierra, representaciones art\u00edsticas, animales legendarios y peque\u00f1as obras de arte se presentan distribuidas en un extenso espacio, distribuidas en dos alturas. La propia voz del artista gu\u00eda y acompa\u00f1a al visitante durante su estancia y explica el sentir de este singular proyecto expositivo.<\/p>\n<p style=\"font-family: Montserrat; font-weight: 400;\" data-fusion-font=\"true\" data-fusion-google-font=\"Montserrat\" data-fusion-google-variant=\"400\">Se\u00f1ala el autor que las torres representan simbolismo y aventura. Las torres encuentran su v\u00ednculo en la relaci\u00f3n que han mantenido a lo largo de los siglos con los bestiarios medievales, con la b\u00fasqueda de lo imposible y de lo desconocido; recuerda tambi\u00e9n Alonso Ares c\u00f3mo el arte y la literatura son, desde siempre, s\u00edmbolos de libertad. Las torres se presentan como elementos vinculados a la b\u00fasqueda de lo imposible y tambi\u00e9n de lo desconocido. En este caso, la Torre del Palacio es s\u00edmbolo de libertad porque se encuentra contemplando el infinito. El arte y la literatura vistos desde aqu\u00ed como s\u00edmbolos eternos de libertad, que se muestran en todo su esplendor, en un espacio \u00fanico, vibrante, que invita a pensar, a reflexionar, a dejarse llevar por la poes\u00eda y por el arte, en definitiva a vivir.<\/p>\n<p style=\"font-family: Montserrat; font-weight: 400;\" data-fusion-font=\"true\" data-fusion-google-font=\"Montserrat\" data-fusion-google-variant=\"400\">Una escalera de caracol permite subir una altura y seguir disfrutando de la obra de este singular artista, espacio que sirve de preludio a la angosta entrada que permite acceder a la torre y disfrutar de las privilegiadas vistas que ese punto ofrece de la ciudad. La ciudad de Burgos se presenta aqu\u00ed en toda su extensi\u00f3n, dominada por el perfil majestuoso de su Catedral. Sin duda, una de las mejores vistas aunque posiblemente menos conocidas de la ciudad.<\/p>\n<\/div><div class=\"fusion-clearfix\"><\/div><\/div><\/div><\/div><\/div>\n","protected":false},"excerpt":{"rendered":"","protected":false},"author":6773,"featured_media":0,"parent":0,"menu_order":0,"comment_status":"closed","ping_status":"closed","template":"100-width.php","meta":[],"_links":{"self":[{"href":"https:\/\/ilcyl.com\/visita\/wp-json\/wp\/v2\/pages\/377"}],"collection":[{"href":"https:\/\/ilcyl.com\/visita\/wp-json\/wp\/v2\/pages"}],"about":[{"href":"https:\/\/ilcyl.com\/visita\/wp-json\/wp\/v2\/types\/page"}],"author":[{"embeddable":true,"href":"https:\/\/ilcyl.com\/visita\/wp-json\/wp\/v2\/users\/6773"}],"replies":[{"embeddable":true,"href":"https:\/\/ilcyl.com\/visita\/wp-json\/wp\/v2\/comments?post=377"}],"version-history":[{"count":8,"href":"https:\/\/ilcyl.com\/visita\/wp-json\/wp\/v2\/pages\/377\/revisions"}],"predecessor-version":[{"id":444,"href":"https:\/\/ilcyl.com\/visita\/wp-json\/wp\/v2\/pages\/377\/revisions\/444"}],"wp:attachment":[{"href":"https:\/\/ilcyl.com\/visita\/wp-json\/wp\/v2\/media?parent=377"}],"curies":[{"name":"wp","href":"https:\/\/api.w.org\/{rel}","templated":true}]}}